se
Is 21870098417 a composite number?
True
Is 273224261 a prime number?
False
Is 7010238297 prime?
False
Is 96542261 prime?
True
Is 417188383 a composite number?
True
Is 2976064381 prime?
True
Is 11553796097 composite?
False
Is 41339553499 prime?
True
Is 46163737537 prime?
True
Is 104899447 a composite number?
True
Is 343653352631 a prime number?
True
Is 371325571 a prime number?
False
Is 1816732037 a composite number?
False
Is 15296332757 a composite number?
False
Is 2220154553 a prime number?
True
Is 1362940669 a composite number?
True
Is 13026072091 a composite number?
True
Is 2284377769 a prime number?
True
Is 281795831 composite?
True
Is 26588203 prime?
False
Is 913678811 composite?
False
Is 49098186959 a composite number?
False
Is 28679129035 a composite number?
True
Is 1395338041 a composite number?
False
Is 5172031577 composite?
False
Is 1129290551 a composite number?
True
Is 3715956073 composite?
False
Is 10272702437 a prime number?
True
Is 12203608193 prime?
False
Is 114913367131 prime?
True
Is 32883201779 a composite number?
True
Is 54393281717 prime?
False
Is 48188787397 prime?
True
Is 48197719837 a prime number?
True
Is 339622090363 prime?
True
Is 177924013 composite?
False
Is 3228560329 a prime number?
True
Is 2409521113 composite?
True
Is 52791330521 prime?
True
Is 39191436517 composite?
True
Is 1268229161 a prime number?
False
Is 3952996291 a composite number?
False
Is 16291742182 a prime number?
False
Is 4941988189 a prime number?
True
Is 42805731257 composite?
False
Is 373666417 prime?
True
Is 12421201333 composite?
True
Is 42498948053 a prime number?
True
Is 771691429 composite?
True
Is 45500233351 composite?
True
Is 128212033 prime?
True
Is 160859888459 a prime number?
False
Is 90574270617 a composite number?
True
Is 3861241129 a composite number?
False
Is 55223736977 a prime number?
True
Is 46296858883 a composite number?
True
Is 5803289851 a composite number?
False
Is 876740899 a composite number?
True
Is 284877731785 composite?
True
Is 4756306931 composite?
False
Is 7688930563 a composite number?
True
Is 994695631 a composite number?
False
Is 33012907309 composite?
False
Is 59447269019 prime?
True
Is 861461371 prime?
False
Is 5266943543 prime?
True
Is 2678377323 a composite number?
True
Is 3487003769 a prime number?
True
Is 34494597551 a prime number?
True
Is 151176523 a composite number?
False
Is 15063863398 composite?
True
Is 76354233083 prime?
False
Is 1914552697 a composite number?
True
Is 14114287087 a composite number?
False
Is 17668510879 a composite number?
False
Is 307412971 a composite number?
True
Is 88832322169 prime?
True
Is 551982703 composite?
False
Is 22434971413 prime?
True
Is 886476907 composite?
True
Is 11765759 a prime number?
True
Is 47937760001 a composite number?
False
Is 1773070534 composite?
True
Is 13563550766 a composite number?
True
Is 2831892578 composite?
True
Is 23162052607 composite?
False
Is 24569466797 composite?
True
Is 1663516735 a composite number?
True
Is 2353110961 composite?
True
Is 996745769 a composite number?
False
Is 12299687045 composite?
True
Is 4837944557 a composite number?
True
Is 4056896309 a prime number?
True
Is 221297330147 a composite number?
False
Is 6256230961 a composite number?
False
Is 442197139 prime?
False
Is 6035373203 prime?
False
Is 48871696799 a prime number?
False
Is 933370183 prime?
True
Is 27645687277 composite?
True
Is 79305548333 prime?
False
Is 4930506103 prime?
True
Is 21994525373 prime?
True
Is 652953887 a prime number?
False
Is 31087654733 composite?
True
Is 1385488919 prime?
True
Is 741183617 a composite number?
False
Is 9097524697 composite?
True
Is 5024369041 prime?
True
Is 3761989885 a prime number?
False
Is 15646526839 a composite number?
True
Is 534680497 prime?
False
Is 426060709 a composite number?
True
Is 550211479 a composite number?
False
Is 16278959559 a prime number?
False
Is 1987403501 a composite number?
False
Is 8805694903 composite?
True
Is 550529489 composite?
False
Is 3416950133 prime?
True
Is 215517101 a composite number?
False
Is 4523375173 composite?
True
Is 346904786971 prime?
False
Is 188224325579 prime?
True
Is 21229192097 a prime number?
True
Is 25315242873 a prime number?
False
Is 44641951957 a composite number?
True
Is 24032795293 composite?
True
Is 23529963397 composite?
False
Is 103286791747 a composite number?
False
Is 30253765601 prime?
True
Is 8518026403 composite?
True
Is 497085319 a prime number?
True
Is 4397043793 a composite number?
False
Is 5395361773 composite?
True
Is 2638790683 prime?
True
Is 40686643479 prime?
False
Is 407790001 composite?
True
Is 29573626273 a prime number?
False
Is 24624879127 a composite number?
True
Is 35615501 composite?
False
Is 30511594123 a composite number?
True
Is 2726027609 composite?
True
Is 46843498069 a prime number?
True
Is 11823330173 a composite number?
False
Is 19911390683 prime?
True
Is 59458572757 prime?
True
Is 2786503631 a prime number?
True
Is 1389770231 a prime number?
True
Is 28346502335 prime?
False
Is 4729390679 composite?
True
Is 167016583 prime?
False
Is 17924019833 a prime number?
False
Is 27064741061 prime?
False
Is 29491573201 a prime number?
False
Is 31725765083 a composite number?
False
Is 398713177 prime?
False
Is 56100558529 composite?
True
Is 14237584619 composite?
False
Is 693462311 prime?
False
Is 56906025797 a composite number?
True
Is 13375581623 a prime number?
False
Is 81741467 a composite number?
True
Is 3824180443 prime?
False
Is 25726971657 a prime number?
False
Is 9039037613 a prime number?
True
Is 6985489087 a prime number?
True
Is 6750033619 a prime number?
False
Is 95712374102 a prime number?
False
Is 492521903 a composite number?
True
Is 43606317 composite?
True
Is 14499638203 a composite number?
False
Is 12412575073 prime?
True
Is 5719637837 composite?
False
Is 2779809479 a prime number?
True
Is 46438211 prime?
False
Is 20686758751 a composite number?
False
Is 1373219097 a composite number?
True
Is 962004133 a prime number?
False
Is 1076169691019 a prime number?
True
Is 1370008231 prime?
True
Is 1038289607 prime?
True
Is 2526208943 prime?
False
Is 7453107799 composite?
True
Is 8640172877 composite?
True
Is 88294859 composite?
False
Is 1105347553 prime?
False
Is 9410996389 prime?
True
Is 2285081371 prime?
False
Is 18247063 prime?
False
Is 1612694401 prime?
False
Is 53948392763 a composite number?
True
Is 4089792419 prime?
True
Is 41663841701 a prime number?
False
Is 398512787 composite?
False
Is 22446590657 composite?
False
Is 58429178683 a prime number?
True
Is 58252441199 composite?
False
Is 27336790147 a prime number?
False
Is 93803849 prime?
False
Is 18870077143 a composite number?
True
Is 10823362751 a composite number?
False
Is 1091812159 a composite number?
True
Is 9058936571 a prime number?
True
Is 7679784059 prime?
False
Is 7423837 a prime number?
False
Is 6547688897 a composite number?
False
Is 11105818219 composite?
False
Is 58374214547 composite?
True
Is 2086257139 composite?
True
Is 259013731 composite?
False
Is 5045799533 composite?
False
Is 85101761 composite?
False
Is 9650272727 prime?
True
Is 985171757 composite?
True
Is 112367714743 prime?
True
Is 2539272719 a prime number?
True
Is 2850639437 a composite number?
False
Is 2665180967 a composite number?
True
Is 1192381891 a composite number?
False
Is 102387251 a composite number?
True
Is 5295984767 prime?
True
Is 25517400283 prime?
True
Is 5054087291 prime?
False
Is 4800764247 composite?
True
Is 2573992571 a prime number?
True
Is 4504325486 composite?
True
Is 727407043 composite?
True
Is 18586136587 a prime number?
False
Is 4966676711 a composite number?
True
Is 484089394 prime?
False
Is 62300745943 a prime number?
False
Is 37362204361 a composite number?
True
Is 9148235207 composite?
False
Is 213010862369 composite?
False
Is 4152433231 a prime number?
False
Is 2910755473 composite?
False
Is 26735409607 prime?
True
Is 636096869 prime?
True
Is 1886221481 a prime number?
True
Is 3129460879 composite?
True
Is 12200372791 a prime number?
True
Is 2191068379 a composite number?
False
Is 862432379 a prime number?
True
Is 4322994577 a prime number?
False
Is 230784635 composite?
True
Is 29044131769 composite?
True
Is 23949897659 composite?
True
Is 11744937317 a prime number?
Tru